{"id":504,"date":"2009-07-06T16:58:46","date_gmt":"2009-07-06T14:58:46","guid":{"rendered":"https:\/\/www.lactissima.com\/a-tire-d-ailes\/?page_id=504"},"modified":"2024-11-19T12:31:38","modified_gmt":"2024-11-19T11:31:38","slug":"allaitement-et-travail","status":"publish","type":"page","link":"https:\/\/www.lactissima.com\/a-tire-d-ailes\/allaitement-et-travail\/","title":{"rendered":"Les essentiels"},"content":{"rendered":"<p style=\"text-align: justify;\"><a href=\"https:\/\/www.lactissima.com\/a-tire-d-ailes\/wp-content\/uploads\/2009\/07\/allaitement-anne2.jpg\"><img loading=\"lazy\" decoding=\"async\" class=\"alignright size-full wp-image-4116\" src=\"https:\/\/www.lactissima.com\/a-tire-d-ailes\/wp-content\/uploads\/2009\/07\/allaitement-anne2.jpg\" alt=\"allaitement et travail\" width=\"201\" height=\"269\" \/><\/a>Vous trouverez ici le r\u00e9sum\u00e9 des articles reprenant les id\u00e9es essentielles quand on parle allaitement et travail.<\/p>\n<ul>\n<li><a href=\"https:\/\/www.lactissima.com\/a-tire-d-ailes\/combien-laisser-de-lait-a-mon-bebe\/\">Combien laisser de lait \u00e0 mon b\u00e9b\u00e9 ?<\/a><br \/>\nCombien de lait mon b\u00e9b\u00e9 va-t-il boire en mon absence ? Voil\u00e0 une question extr\u00eamement courante et que vous devez vous poser aussi.<\/li>\n<li><a href=\"https:\/\/www.lactissima.com\/a-tire-d-ailes\/pauses-dallaitement-fonctionnaires\/\" target=\"_blank\" rel=\"noopener\">Pauses d&rsquo;allaitement pour les fonctionnaires<\/a>Oui les fonctionnaires ont droit \u00e0 l&rsquo;heure d&rsquo;allaitement. Ne vous laissez pas faire !<\/li>\n<li>\n<p style=\"text-align: justify;\"><a href=\"https:\/\/www.lactissima.com\/a-tire-d-ailes\/comment-reprendre-le-travail-en-tirant-son-lait\/\" target=\"_blank\" rel=\"noopener\">Comment reprendre le travail en tirant son lait<\/a><\/p>\n<p style=\"text-align: justify;\">Voici un r\u00e9capitulatif de toutes les \u00e9tapes \u00e0 envisager pour reprendre son travail en tirant son lait.<\/p>\n<\/li>\n<li><a title=\"Savez-vous pr\u00e9parer un biberon ?\" href=\"https:\/\/www.lactissima.com\/a-tire-d-ailes\/savez-preparer-biberon\/\">Savez-vous pr\u00e9parer un biberon ?<\/a><\/li>\n<\/ul>\n<p>Les recommandations de pr\u00e9paration des biberons sont tr\u00e8s mal connues et pourtant extr\u00eamement importantes.<\/p>\n<ul>\n<li><a href=\"https:\/\/www.lactissima.com\/a-tire-d-ailes\/lait-predigere\/\">Mon lait sent affreusement mauvais !<\/a><\/li>\n<\/ul>\n<p>Le lait maternel tir\u00e9 peut prendre un go\u00fbt tr\u00e8s fort et d\u00e9sagr\u00e9able. La plupart du temps il s&rsquo;agit de lait pr\u00e9dig\u00e9r\u00e9 mais il existe 2 autres causes \u00e0 cela.<\/p>\n<ul>\n<li><a title=\"Quelles sont les cr\u00e8ches oblig\u00e9es d'accepter le lait maternel ?\" href=\"https:\/\/www.lactissima.com\/a-tire-d-ailes\/circulaire-creche-et-allaitement\/\">Quelles sont les cr\u00e8ches oblig\u00e9es d&rsquo;accepter le lait maternel ?<\/a><\/li>\n<\/ul>\n<p>Aucune loi n&rsquo;oblige les cr\u00e8ches \u00e0 accepter le lait maternel mais certaines circulaire cr\u00e8che et allaitement le font.<\/p>\n<ul>\n<li><a title=\"Quelle quantit\u00e9 de lait au tire-lait ?\" href=\"https:\/\/www.lactissima.com\/a-tire-d-ailes\/quantite-lait-tire\/\">Quelle quantit\u00e9 de lait au tire-lait ?<\/a><\/li>\n<\/ul>\n<p style=\"text-align: justify;\">La quantit\u00e9 de lait tir\u00e9 est extr\u00eamement variable d&rsquo;une femme \u00e0 l&rsquo;autre et il est inutile de s&rsquo;inqui\u00e9ter si l&rsquo;on tire 30 ml de lait.<\/p>\n<ul style=\"text-align: justify;\">\n<li><a href=\"https:\/\/www.lactissima.com\/a-tire-d-ailes\/?p=1823\" target=\"_blank\" rel=\"noopener\">5 fa\u00e7ons de conjuguer allaitement et reprise du travail.<\/a><\/li>\n<\/ul>\n<p style=\"text-align: justify;\">Quelles sont les diff\u00e9rentes possibilit\u00e9s de g\u00e9rer allaitement et travail ?<br \/>\nLe plus important est de se souvenir que vous avez le choix et que vous pouvez faire ce qui VOUS convient !<\/p>\n<ul style=\"text-align: justify;\">\n<li><a href=\"https:\/\/www.lactissima.com\/a-tire-d-ailes\/?p=1321\" target=\"_blank\" rel=\"noopener\">Faire du stock de lait<\/a><\/li>\n<\/ul>\n<p style=\"text-align: justify;\">Quand commencer \u00e0 faire du stock ? Quand vous le souhaitez !<br \/>\nD\u00e8s la naissance si cela ne vous pose pas de probl\u00e8me, ou un mois avant la reprise si vous ne voulez pas vous compliquer la vie avant.<\/p>\n<ul style=\"text-align: justify;\">\n<li><a href=\"https:\/\/www.lactissima.com\/a-tire-d-ailes\/?p=1292\" target=\"_blank\" rel=\"noopener\">Fiche pratique pour l&rsquo;assistante maternelle <\/a><\/li>\n<\/ul>\n<p style=\"text-align: justify;\">Je vous propose aujourd&rsquo;hui une fiche pratique que vous pouvez fournir \u00e0 la personne qui s&rsquo;occupe de votre b\u00e9b\u00e9 en votre absence.<br \/>\nN&rsquo;h\u00e9sitez pas \u00e0 l&rsquo;encadre et l&rsquo;imprimer pour qu&rsquo;elle puisse s&rsquo;afficher sur un r\u00e9frig\u00e9rateur.<br \/>\nVous pouvez m\u00eame la plastifier.<\/p>\n<ul style=\"text-align: justify;\">\n<li><a href=\"https:\/\/www.lactissima.com\/a-tire-d-ailes\/?p=1146\" target=\"_blank\" rel=\"noopener\">Comment tirer son lait<\/a><\/li>\n<\/ul>\n<p style=\"text-align: justify;\">Il faut quelques instants avant de voir le lait commencer \u00e0 couler, c&rsquo;est normal, d\u00e9tendez-vous. Puis un r\u00e9flexe d&rsquo;\u00e9jection du lait se produit et le lait coule plus abondamment. A la fin de ce r\u00e9flexe, la quantit\u00e9 diminue mais si vous persistez, il y a de fortes chances pour qu&rsquo;un deuxi\u00e8me r\u00e9flexe d&rsquo;\u00e9jection se produise. Lorsque plus rien ne coule depuis au moins deux minutes, vous pouvez arr\u00eater.<\/p>\n<ul style=\"text-align: justify;\">\n<li><a href=\"https:\/\/www.lactissima.com\/a-tire-d-ailes\/?p=949\" target=\"_blank\" rel=\"noopener\">Quantit\u00e9 de lait bue par un b\u00e9b\u00e9<\/a><\/li>\n<\/ul>\n<p style=\"text-align: justify;\">C&rsquo;est une question que se posent beaucoup d&rsquo;entre vous au moment de proposer les premiers biberons \u00e0 leur b\u00e9b\u00e9. Quelle quantit\u00e9 dois-je lui donner ?<\/p>\n<ul style=\"text-align: justify;\">\n<li><a href=\"https:\/\/www.lactissima.com\/a-tire-d-ailes\/?p=519\" target=\"_blank\" rel=\"noopener\">Comment transporter son lait ?<\/a><\/li>\n<\/ul>\n<p style=\"text-align: justify;\">Pour les femmes qui tirent leur lait se pose souvent la question du transport : pour rapporter le lait que l&rsquo;on a tir\u00e9 au travail, pour apporter le lait \u00e0 la cr\u00e8che ou \u00e0 l&rsquo;assistante maternelle, &#8230;<\/p>\n<ul style=\"text-align: justify;\">\n<li><a href=\"https:\/\/www.lactissima.com\/a-tire-d-ailes\/?p=494\" target=\"_blank\" rel=\"noopener\">Et la loi ?<\/a><\/li>\n<\/ul>\n<p style=\"text-align: justify;\">Chaque salari\u00e9e allaitant son enfant dispose pour ce faire d&rsquo;une heure par jour sur son temps de travail jusqu&rsquo;au premier anniversaire du b\u00e9b\u00e9. Cette heure est divis\u00e9e en deux p\u00e9riodes de trente minutes r\u00e9duites \u00e0 vingt minutes si le local d&rsquo;allaitement est \u00e0 l&rsquo;int\u00e9rieur des locaux destin\u00e9s au travail.<br \/>\nCette heure n&rsquo;est pas r\u00e9mun\u00e9r\u00e9e, sauf si la convention collective le sp\u00e9cifie.<br \/>\nUne salari\u00e9e peut allaiter son enfant dans l&rsquo;entreprise !<br \/>\nChaque entreprise de plus de cent salari\u00e9es doit pr\u00e9voir des locaux d\u00e9di\u00e9s \u00e0 l&rsquo;allaitement au sein de l&rsquo;entreprise, dans des conditions d&rsquo;hygi\u00e8ne tr\u00e8s pr\u00e9cises.<br \/>\nLe co\u00fbt de l&rsquo;installation et de l&rsquo;entretien de ces locaux est enti\u00e8rement \u00e0 la charge de l&#8217;employeur.<br \/>\nLes femmes militaires b\u00e9n\u00e9ficient des m\u00eames droits.<\/p>\n<ul style=\"text-align: justify;\">\n<li><a href=\"https:\/\/www.lactissima.com\/a-tire-d-ailes\/?p=291\" target=\"_blank\" rel=\"noopener\">La conservation du lait maternel <\/a><\/li>\n<\/ul>\n<p style=\"text-align: justify;\">Si vous avez choisi de tirer votre lait au travail, il va falloir le conserver.<br \/>\nLe lait maternel est un produit tr\u00e8s stable, qui se conserve tr\u00e8s bien.<br \/>\nDonc pas d&rsquo;inqui\u00e9tude quand \u00e0 sa conservation.<\/p>\n<ul style=\"text-align: justify;\">\n<li><a href=\"https:\/\/www.lactissima.com\/a-tire-d-ailes\/?p=463\" target=\"_blank\" rel=\"noopener\">L&rsquo;organisation familiale<\/a><\/li>\n<\/ul>\n<p style=\"text-align: justify;\">Quand on reprend le travail apr\u00e8s la naissance d&rsquo;un enfant, il y a toujours une nouvelle organisation \u00e0 mettre en place.<br \/>\nQuand on poursuit l&rsquo;allaitement, d&rsquo;autres questions se posent : comment stocker le lait maternel, comment informer le mode de garde sur la gestion du lait maternel, comment prendre le temps des t\u00e9t\u00e9es,&#8230; ?<\/p>\n<ul style=\"text-align: justify;\">\n<li><a href=\"https:\/\/www.lactissima.com\/a-tire-d-ailes\/?p=56\" target=\"_blank\" rel=\"noopener\">Le point sur les tire-lait<\/a><\/li>\n<\/ul>\n<p style=\"text-align: justify;\">Quel tire-lait utiliser : manuel ou \u00e9lectrique ? En location ou \u00e0 l&rsquo;achat ? Simple ou double pompage ?<br \/>\nTout d\u00e9pend de vos moyens, de votre utilisation et de vos pr\u00e9f\u00e9rences.<\/p>\n<ul style=\"text-align: justify;\">\n<li><a href=\"https:\/\/www.lactissima.com\/a-tire-d-ailes\/?p=234\" target=\"_blank\" rel=\"noopener\">Quand mon b\u00e9b\u00e9 refuse le biberon <\/a><\/li>\n<\/ul>\n<p style=\"text-align: justify;\">Le b\u00e9b\u00e9 refuse de prendre le biberon en bouche, ou bien il accepte mais ne prend que 5 ml de lait, il se recule et pleure, voir hurle.<br \/>\nToutes les familles sans exception s&rsquo;adaptent \u00e0 la reprise du travail et il suffit souvent de faire confiance \u00e0 la capacit\u00e9 d&rsquo;adaptation du b\u00e9b\u00e9 et de prendre le temps de l&rsquo;\u00e9couter.<\/p>\n<ul style=\"text-align: justify;\">\n<li><a href=\"https:\/\/www.lactissima.com\/a-tire-d-ailes\/?p=839\" target=\"_blank\" rel=\"noopener\">Soigner les mamelons abim\u00e9s<\/a><\/li>\n<\/ul>\n<p style=\"text-align: justify;\">Il arrive qu&rsquo;un b\u00e9b\u00e9 t\u00e8te mal pendant quelques jours apr\u00e8s avoir commenc\u00e9 le biberon ou qu&rsquo;il perce ses dents et m\u00e2chouille votre mamelon et vous avez mal comme \u00e0 la maternit\u00e9&#8230;<br \/>\nComment soigner les mamelons abim\u00e9s ?<\/p>\n<ul style=\"text-align: justify;\">\n<li><a href=\"https:\/\/www.lactissima.com\/a-tire-d-ailes\/?p=918\" target=\"_blank\" rel=\"noopener\">Hygi\u00e8ne et tirage de lait <\/a><\/li>\n<\/ul>\n<p style=\"text-align: justify;\">Premi\u00e8re chose, la plus \u00e9vidente mais pas toujours la mieux appliqu\u00e9e, se laver les mains.<br \/>\nDeuxi\u00e8me chose, utiliser un mat\u00e9riel propre.<\/p>\n<ul style=\"text-align: justify;\">\n<li><a href=\"https:\/\/www.lactissima.com\/a-tire-d-ailes\/?p=1075\" target=\"_blank\" rel=\"noopener\">Quel lait donner au moment du sevrage ?<\/a><\/li>\n<\/ul>\n<p style=\"text-align: justify;\">Cela d\u00e9pend beaucoup de l&rsquo;\u00e2ge de votre enfant.<br \/>\nSi votre b\u00e9b\u00e9 a moins de six mois, il ne se nourrit que de lait. S&rsquo;il ne prend plus de lait maternel, il faut le remplacer par une pr\u00e9paration pour nourrisson qui est l&rsquo;aliment le plus adapt\u00e9 pour prendre la suite de votre lait.<\/p>\n<ul style=\"text-align: justify;\">\n<li><a href=\"https:\/\/www.lactissima.com\/a-tire-d-ailes\/?p=1189\" target=\"_blank\" rel=\"noopener\">Pourquoi faire appel \u00e0 un consultant en lactation ?<br \/>\n<\/a><\/li>\n<\/ul>\n<p style=\"text-align: justify;\">Le but d&rsquo;une consultation d&rsquo;allaitement va \u00eatre de mettre \u00e0 plat et de r\u00e9pondre \u00e0 toutes les questions que vous vous posez, que vous souhaitiez sevrer ou poursuivre l&rsquo;allaitement. Vous pouvez \u00e9galement prendre un rendez-vous pour pouvoir prendre une d\u00e9cision sur la poursuite ou non de l&rsquo;allaitement. Les informations apport\u00e9es par le consultant en lactation doivent vous permettre de prendre la d\u00e9cision qui vous convient, \u00e0 vous, en toute tranquillit\u00e9.<\/p>\n<ul style=\"text-align: justify;\">\n<li><a href=\"https:\/\/www.lactissima.com\/a-tire-d-ailes\/?p=1706\" target=\"_blank\" rel=\"noopener\">Les nuits avec un b\u00e9b\u00e9 qui t\u00e8te beaucoup&#8230;<\/a><\/li>\n<\/ul>\n<p style=\"text-align: justify;\">Certains b\u00e9b\u00e9s refusent de manger quand ils sont gard\u00e9s et se rattrapent quand ils sont avec maman. Du coup, ils t\u00e8tent beaucoup la nuit pour compenser les journ\u00e9es sans manger.<br \/>\nCe mode de fonctionnement ne pr\u00e9sente aucun risque pour le b\u00e9b\u00e9 mais il est souvent tr\u00e8s fatigant pour la maman&#8230;<\/p>\n<ul style=\"text-align: justify;\">\n<li><a href=\"https:\/\/www.lactissima.com\/a-tire-d-ailes\/?p=1949\" target=\"_blank\" rel=\"noopener\">Faire face \u00e0 la baisse de lactation.<\/a><\/li>\n<\/ul>\n<p style=\"text-align: justify;\">La premi\u00e8re chose \u00e0 v\u00e9rifier : est-ce que votre b\u00e9b\u00e9 a l&rsquo;air satisfait apr\u00e8s les t\u00e9t\u00e9es ? Si oui, il y a toutes les chances pour que votre production lact\u00e9e soit suffisante.<\/p>\n<ul style=\"text-align: justify;\">\n<li><a href=\"https:\/\/www.lactissima.com\/a-tire-d-ailes\/?p=2045\" target=\"_blank\" rel=\"noopener\">Choisir sa taille de t\u00e9terelle<\/a><\/li>\n<\/ul>\n<p style=\"text-align: justify;\">Aujourd&rsquo;hui, quelques marques de tire-lait proposent jusqu&rsquo;\u00e0 cinq tailles de t\u00e9terelles diff\u00e9rentes.<\/p>\n<ul style=\"text-align: justify;\">\n<li><a title=\"Kit mains-libres pour tirer son lait en double pompage\" href=\"https:\/\/www.lactissima.com\/a-tire-d-ailes\/?p=2236\" target=\"_blank\" rel=\"noopener\">Kit mains-libres pour tirer son lait en double pompage<\/a><\/li>\n<\/ul>\n<p style=\"text-align: justify;\">Diff\u00e9rentes solutions pour pouvoir tirer son lait en double-pompage tout en gardant les mains libres.<\/p>\n<ul>\n<li><a style=\"text-align: justify;\" title=\"Tirer son lait de mani\u00e8re plus efficace.\" href=\"https:\/\/www.lactissima.com\/a-tire-d-ailes\/tirer-son-lait-de-maniere-plus-efficace\/\">Tirer son lait de mani\u00e8re plus efficace.<\/a><\/li>\n<\/ul>\n<p><span style=\"text-align: justify;\">Il existe une m\u00e9thode mise au point par Jane Morton qui permet de tirer son lait de mani\u00e8re beaucoup plus efficace, notamment pour concilier <span style=\"color: #333333;\"><a title=\"allaitement et travail\" href=\"https:\/\/www.lactissima.com\/a-tire-d-ailes\/allaitement-et-travail\/\"><span style=\"color: #333333;\">allaitement et travail<\/span><\/a><\/span>.<\/span><\/p>\n<ul>\n<li><a title=\"R\u00e9guler sa lactation en allaitement mixte\" href=\"https:\/\/www.lactissima.com\/a-tire-d-ailes\/reguler-lactation-en-allaitement-mixte\/\">R\u00e9guler sa lactation en allaitement mixte<\/a><\/li>\n<\/ul>\n<p>Reprendre le travail en allaitement mixte est possible. Cela n\u00e9cessite de faire attention \u00e0 la r\u00e9gulation de sa lactation.<\/p>\n<ul>\n<li><a title=\"Trouver le temps de tirer son lait\" href=\"https:\/\/www.lactissima.com\/a-tire-d-ailes\/pause-allaitement\/\">Trouver le temps de tirer son lait<\/a>Trouver le temps de prendre une pause allaitement n&rsquo;est pas toujours facile. Voici quelques pistes pour vous aider.<\/li>\n<\/ul>\n<p>&nbsp;<\/p>\n","protected":false},"excerpt":{"rendered":"<p>Les articles essentiels du blog A tire d&rsquo;Ailes pour concilier allaitement et travail.<\/p>\n","protected":false},"author":170,"featured_media":4116,"parent":0,"menu_order":2,"comment_status":"closed","ping_status":"open","template":"","meta":{"_et_pb_use_builder":"","_et_pb_old_content":"","_et_gb_content_width":"","footnotes":""},"class_list":["post-504","page","type-page","status-publish","has-post-thumbnail","hentry"],"yoast_head":"<!-- This site is optimized with the Yoast SEO plugin v27.4 - https:\/\/yoast.com\/product\/yoast-seo-wordpress\/ -->\n<title>Allaitement et travail<\/title>\n<meta name=\"description\" content=\"Les articles essentiels du blog A tire d&#039;Ailes pour concilier allaitement et travail.\" \/>\n<meta name=\"robots\" content=\"index, follow, max-snippet:-1, max-image-preview:large, max-video-preview:-1\" \/>\n<link rel=\"canonical\" href=\"https:\/\/www.lactissima.com\/a-tire-d-ailes\/allaitement-et-travail\/\" \/>\n<meta property=\"og:locale\" content=\"fr_FR\" \/>\n<meta property=\"og:type\" content=\"article\" \/>\n<meta property=\"og:title\" content=\"Allaitement et travail\" \/>\n<meta property=\"og:description\" content=\"Les articles essentiels du blog A tire d&#039;Ailes pour concilier allaitement et travail.\" \/>\n<meta property=\"og:url\" content=\"https:\/\/www.lactissima.com\/a-tire-d-ailes\/allaitement-et-travail\/\" \/>\n<meta property=\"og:site_name\" content=\"A tire d&#039;Ailes\" \/>\n<meta property=\"article:publisher\" content=\"https:\/\/www.facebook.com\/consultante.en.lactation\" \/>\n<meta property=\"article:modified_time\" content=\"2024-11-19T11:31:38+00:00\" \/>\n<meta property=\"og:image\" content=\"https:\/\/www.lactissima.com\/a-tire-d-ailes\/wp-content\/uploads\/2009\/07\/allaitement-anne2.jpg\" \/>\n\t<meta property=\"og:image:width\" content=\"201\" \/>\n\t<meta property=\"og:image:height\" content=\"269\" \/>\n\t<meta property=\"og:image:type\" content=\"image\/jpeg\" \/>\n<meta name=\"twitter:card\" content=\"summary_large_image\" \/>\n<meta name=\"twitter:site\" content=\"@VeroniqueIBCLC\" \/>\n<meta name=\"twitter:label1\" content=\"Dur\u00e9e de lecture estim\u00e9e\" \/>\n\t<meta name=\"twitter:data1\" content=\"7 minutes\" \/>\n<script type=\"application\/ld+json\" class=\"yoast-schema-graph\">{\"@context\":\"https:\\\/\\\/schema.org\",\"@graph\":[{\"@type\":\"WebPage\",\"@id\":\"https:\\\/\\\/www.lactissima.com\\\/a-tire-d-ailes\\\/allaitement-et-travail\\\/\",\"url\":\"https:\\\/\\\/www.lactissima.com\\\/a-tire-d-ailes\\\/allaitement-et-travail\\\/\",\"name\":\"Allaitement et travail\",\"isPartOf\":{\"@id\":\"https:\\\/\\\/www.lactissima.com\\\/a-tire-d-ailes\\\/#website\"},\"primaryImageOfPage\":{\"@id\":\"https:\\\/\\\/www.lactissima.com\\\/a-tire-d-ailes\\\/allaitement-et-travail\\\/#primaryimage\"},\"image\":{\"@id\":\"https:\\\/\\\/www.lactissima.com\\\/a-tire-d-ailes\\\/allaitement-et-travail\\\/#primaryimage\"},\"thumbnailUrl\":\"https:\\\/\\\/www.lactissima.com\\\/a-tire-d-ailes\\\/wp-content\\\/uploads\\\/2009\\\/07\\\/allaitement-anne2.jpg\",\"datePublished\":\"2009-07-06T14:58:46+00:00\",\"dateModified\":\"2024-11-19T11:31:38+00:00\",\"description\":\"Les articles essentiels du blog A tire d'Ailes pour concilier allaitement et travail.\",\"breadcrumb\":{\"@id\":\"https:\\\/\\\/www.lactissima.com\\\/a-tire-d-ailes\\\/allaitement-et-travail\\\/#breadcrumb\"},\"inLanguage\":\"fr-FR\",\"potentialAction\":[{\"@type\":\"ReadAction\",\"target\":[\"https:\\\/\\\/www.lactissima.com\\\/a-tire-d-ailes\\\/allaitement-et-travail\\\/\"]}]},{\"@type\":\"ImageObject\",\"inLanguage\":\"fr-FR\",\"@id\":\"https:\\\/\\\/www.lactissima.com\\\/a-tire-d-ailes\\\/allaitement-et-travail\\\/#primaryimage\",\"url\":\"https:\\\/\\\/www.lactissima.com\\\/a-tire-d-ailes\\\/wp-content\\\/uploads\\\/2009\\\/07\\\/allaitement-anne2.jpg\",\"contentUrl\":\"https:\\\/\\\/www.lactissima.com\\\/a-tire-d-ailes\\\/wp-content\\\/uploads\\\/2009\\\/07\\\/allaitement-anne2.jpg\",\"width\":201,\"height\":269,\"caption\":\"allaitement et travail\"},{\"@type\":\"BreadcrumbList\",\"@id\":\"https:\\\/\\\/www.lactissima.com\\\/a-tire-d-ailes\\\/allaitement-et-travail\\\/#breadcrumb\",\"itemListElement\":[{\"@type\":\"ListItem\",\"position\":1,\"name\":\"Accueil\",\"item\":\"https:\\\/\\\/www.lactissima.com\\\/a-tire-d-ailes\\\/\"},{\"@type\":\"ListItem\",\"position\":2,\"name\":\"Les essentiels\"}]},{\"@type\":\"WebSite\",\"@id\":\"https:\\\/\\\/www.lactissima.com\\\/a-tire-d-ailes\\\/#website\",\"url\":\"https:\\\/\\\/www.lactissima.com\\\/a-tire-d-ailes\\\/\",\"name\":\"A tire d&#039;Ailes\",\"description\":\"Le blog des femmes qui allaitent et travaillent.\",\"potentialAction\":[{\"@type\":\"SearchAction\",\"target\":{\"@type\":\"EntryPoint\",\"urlTemplate\":\"https:\\\/\\\/www.lactissima.com\\\/a-tire-d-ailes\\\/?s={search_term_string}\"},\"query-input\":{\"@type\":\"PropertyValueSpecification\",\"valueRequired\":true,\"valueName\":\"search_term_string\"}}],\"inLanguage\":\"fr-FR\"}]}<\/script>\n<!-- \/ Yoast SEO plugin. -->","yoast_head_json":{"title":"Allaitement et travail","description":"Les articles essentiels du blog A tire d'Ailes pour concilier allaitement et travail.","robots":{"index":"index","follow":"follow","max-snippet":"max-snippet:-1","max-image-preview":"max-image-preview:large","max-video-preview":"max-video-preview:-1"},"canonical":"https:\/\/www.lactissima.com\/a-tire-d-ailes\/allaitement-et-travail\/","og_locale":"fr_FR","og_type":"article","og_title":"Allaitement et travail","og_description":"Les articles essentiels du blog A tire d'Ailes pour concilier allaitement et travail.","og_url":"https:\/\/www.lactissima.com\/a-tire-d-ailes\/allaitement-et-travail\/","og_site_name":"A tire d&#039;Ailes","article_publisher":"https:\/\/www.facebook.com\/consultante.en.lactation","article_modified_time":"2024-11-19T11:31:38+00:00","og_image":[{"width":201,"height":269,"url":"https:\/\/www.lactissima.com\/a-tire-d-ailes\/wp-content\/uploads\/2009\/07\/allaitement-anne2.jpg","type":"image\/jpeg"}],"twitter_card":"summary_large_image","twitter_site":"@VeroniqueIBCLC","twitter_misc":{"Dur\u00e9e de lecture estim\u00e9e":"7 minutes"},"schema":{"@context":"https:\/\/schema.org","@graph":[{"@type":"WebPage","@id":"https:\/\/www.lactissima.com\/a-tire-d-ailes\/allaitement-et-travail\/","url":"https:\/\/www.lactissima.com\/a-tire-d-ailes\/allaitement-et-travail\/","name":"Allaitement et travail","isPartOf":{"@id":"https:\/\/www.lactissima.com\/a-tire-d-ailes\/#website"},"primaryImageOfPage":{"@id":"https:\/\/www.lactissima.com\/a-tire-d-ailes\/allaitement-et-travail\/#primaryimage"},"image":{"@id":"https:\/\/www.lactissima.com\/a-tire-d-ailes\/allaitement-et-travail\/#primaryimage"},"thumbnailUrl":"https:\/\/www.lactissima.com\/a-tire-d-ailes\/wp-content\/uploads\/2009\/07\/allaitement-anne2.jpg","datePublished":"2009-07-06T14:58:46+00:00","dateModified":"2024-11-19T11:31:38+00:00","description":"Les articles essentiels du blog A tire d'Ailes pour concilier allaitement et travail.","breadcrumb":{"@id":"https:\/\/www.lactissima.com\/a-tire-d-ailes\/allaitement-et-travail\/#breadcrumb"},"inLanguage":"fr-FR","potentialAction":[{"@type":"ReadAction","target":["https:\/\/www.lactissima.com\/a-tire-d-ailes\/allaitement-et-travail\/"]}]},{"@type":"ImageObject","inLanguage":"fr-FR","@id":"https:\/\/www.lactissima.com\/a-tire-d-ailes\/allaitement-et-travail\/#primaryimage","url":"https:\/\/www.lactissima.com\/a-tire-d-ailes\/wp-content\/uploads\/2009\/07\/allaitement-anne2.jpg","contentUrl":"https:\/\/www.lactissima.com\/a-tire-d-ailes\/wp-content\/uploads\/2009\/07\/allaitement-anne2.jpg","width":201,"height":269,"caption":"allaitement et travail"},{"@type":"BreadcrumbList","@id":"https:\/\/www.lactissima.com\/a-tire-d-ailes\/allaitement-et-travail\/#breadcrumb","itemListElement":[{"@type":"ListItem","position":1,"name":"Accueil","item":"https:\/\/www.lactissima.com\/a-tire-d-ailes\/"},{"@type":"ListItem","position":2,"name":"Les essentiels"}]},{"@type":"WebSite","@id":"https:\/\/www.lactissima.com\/a-tire-d-ailes\/#website","url":"https:\/\/www.lactissima.com\/a-tire-d-ailes\/","name":"A tire d&#039;Ailes","description":"Le blog des femmes qui allaitent et travaillent.","potentialAction":[{"@type":"SearchAction","target":{"@type":"EntryPoint","urlTemplate":"https:\/\/www.lactissima.com\/a-tire-d-ailes\/?s={search_term_string}"},"query-input":{"@type":"PropertyValueSpecification","valueRequired":true,"valueName":"search_term_string"}}],"inLanguage":"fr-FR"}]}},"_links":{"self":[{"href":"https:\/\/www.lactissima.com\/a-tire-d-ailes\/wp-json\/wp\/v2\/pages\/504","targetHints":{"allow":["GET"]}}],"collection":[{"href":"https:\/\/www.lactissima.com\/a-tire-d-ailes\/wp-json\/wp\/v2\/pages"}],"about":[{"href":"https:\/\/www.lactissima.com\/a-tire-d-ailes\/wp-json\/wp\/v2\/types\/page"}],"author":[{"embeddable":true,"href":"https:\/\/www.lactissima.com\/a-tire-d-ailes\/wp-json\/wp\/v2\/users\/170"}],"replies":[{"embeddable":true,"href":"https:\/\/www.lactissima.com\/a-tire-d-ailes\/wp-json\/wp\/v2\/comments?post=504"}],"version-history":[{"count":87,"href":"https:\/\/www.lactissima.com\/a-tire-d-ailes\/wp-json\/wp\/v2\/pages\/504\/revisions"}],"predecessor-version":[{"id":9615,"href":"https:\/\/www.lactissima.com\/a-tire-d-ailes\/wp-json\/wp\/v2\/pages\/504\/revisions\/9615"}],"wp:featuredmedia":[{"embeddable":true,"href":"https:\/\/www.lactissima.com\/a-tire-d-ailes\/wp-json\/wp\/v2\/media\/4116"}],"wp:attachment":[{"href":"https:\/\/www.lactissima.com\/a-tire-d-ailes\/wp-json\/wp\/v2\/media?parent=504"}],"curies":[{"name":"wp","href":"https:\/\/api.w.org\/{rel}","templated":true}]}}