{"id":2562,"date":"2012-06-14T15:47:00","date_gmt":"2012-06-14T13:47:00","guid":{"rendered":"https:\/\/www.lactissima.com\/a-tire-d-ailes\/?page_id=2562"},"modified":"2019-05-22T08:57:02","modified_gmt":"2019-05-22T06:57:02","slug":"livre-allaitement-et-travail","status":"publish","type":"page","link":"https:\/\/www.lactissima.com\/a-tire-d-ailes\/livre-allaitement-et-travail\/","title":{"rendered":"Livre : mises \u00e0 jour"},"content":{"rendered":"<p style=\"text-align: justify;\"><img loading=\"lazy\" decoding=\"async\" class=\"alignright wp-image-7810 size-full\" src=\"https:\/\/www.lactissima.com\/a-tire-d-ailes\/wp-content\/uploads\/2018\/08\/couverture-BD.jpg\" alt=\"\" width=\"226\" height=\"333\" srcset=\"https:\/\/www.lactissima.com\/a-tire-d-ailes\/wp-content\/uploads\/2018\/08\/couverture-BD.jpg 226w, https:\/\/www.lactissima.com\/a-tire-d-ailes\/wp-content\/uploads\/2018\/08\/couverture-BD-204x300.jpg 204w\" sizes=\"(max-width: 226px) 100vw, 226px\" \/><\/p>\n<p style=\"text-align: justify;\">Vous trouverez ici, les <strong>mises \u00e0 jour r\u00e9guli\u00e8res<\/strong> de mon <span style=\"color: #333333;\"><a title=\"livre allaitement et travail\" href=\"https:\/\/www.lactissima.com\/a-tire-d-ailes\/livre-allaitement-et-travail\/\"><span style=\"color: #333333;\">livre allaitement et travail <\/span><\/a><\/span>: <strong><span style=\"color: #008080;\"><a href=\"http:\/\/www.chroniquesociale.com\/index.php?ID=1011992&amp;detailObjID=3005198&amp;detailResults=1012241&amp;dataType=cata&amp;keyWords=darmangeat\" target=\"_blank\" rel=\"noopener noreferrer\"><span style=\"color: #008080;\"><em>Allaiter et reprendre le travail<\/em><\/span><\/a><\/span><\/strong>, dont la deuxi\u00e8me \u00e9dition est parue en ao\u00fbt 2018 aux \u00e9ditions <a href=\"http:\/\/www.chroniquesociale.com\/\" target=\"_blank\" rel=\"noopener noreferrer\">Chronique Sociale<\/a>.<\/p>\n<p>&nbsp;<\/p>\n<p>&nbsp;<\/p>\n<p style=\"text-align: justify;\">Derni\u00e8re mise \u00e0 jour : 22 mai 2019.<\/p>\n<p>&nbsp;<\/p>\n","protected":false},"excerpt":{"rendered":"<p>Mon livre allaitement et travail est mis \u00e0 jour r\u00e9guli\u00e8rement sur cette page. Retrouvez mon livre Allaiter et reprendre le travail chez Chronique Sociale.<\/p>\n","protected":false},"author":170,"featured_media":7810,"parent":0,"menu_order":7,"comment_status":"closed","ping_status":"open","template":"","meta":{"_et_pb_use_builder":"","_et_pb_old_content":"","_et_gb_content_width":"","footnotes":""},"class_list":["post-2562","page","type-page","status-publish","has-post-thumbnail","hentry"],"yoast_head":"<!-- This site is optimized with the Yoast SEO plugin v27.4 - https:\/\/yoast.com\/product\/yoast-seo-wordpress\/ -->\n<title>livre allaitement et travail<\/title>\n<meta name=\"description\" content=\"Mon livre allaitement et travail est mis \u00e0 jour r\u00e9guli\u00e8rement sur cette page. Retrouvez mon livre Allaiter et reprendre le travail chez Chronique Sociale.\" \/>\n<meta name=\"robots\" content=\"index, follow, max-snippet:-1, max-image-preview:large, max-video-preview:-1\" \/>\n<link rel=\"canonical\" href=\"https:\/\/www.lactissima.com\/a-tire-d-ailes\/livre-allaitement-et-travail\/\" \/>\n<meta property=\"og:locale\" content=\"fr_FR\" \/>\n<meta property=\"og:type\" content=\"article\" \/>\n<meta property=\"og:title\" content=\"livre allaitement et travail\" \/>\n<meta property=\"og:description\" content=\"Mon livre allaitement et travail est mis \u00e0 jour r\u00e9guli\u00e8rement sur cette page. Retrouvez mon livre Allaiter et reprendre le travail chez Chronique Sociale.\" \/>\n<meta property=\"og:url\" content=\"https:\/\/www.lactissima.com\/a-tire-d-ailes\/livre-allaitement-et-travail\/\" \/>\n<meta property=\"og:site_name\" content=\"A tire d&#039;Ailes\" \/>\n<meta property=\"article:publisher\" content=\"https:\/\/www.facebook.com\/consultante.en.lactation\" \/>\n<meta property=\"article:modified_time\" content=\"2019-05-22T06:57:02+00:00\" \/>\n<meta property=\"og:image\" content=\"https:\/\/www.lactissima.com\/a-tire-d-ailes\/wp-content\/uploads\/2018\/08\/couverture-BD.jpg\" \/>\n\t<meta property=\"og:image:width\" content=\"226\" \/>\n\t<meta property=\"og:image:height\" content=\"333\" \/>\n\t<meta property=\"og:image:type\" content=\"image\/jpeg\" \/>\n<meta name=\"twitter:card\" content=\"summary_large_image\" \/>\n<meta name=\"twitter:site\" content=\"@VeroniqueIBCLC\" \/>\n<script type=\"application\/ld+json\" class=\"yoast-schema-graph\">{\"@context\":\"https:\\\/\\\/schema.org\",\"@graph\":[{\"@type\":\"WebPage\",\"@id\":\"https:\\\/\\\/www.lactissima.com\\\/a-tire-d-ailes\\\/livre-allaitement-et-travail\\\/\",\"url\":\"https:\\\/\\\/www.lactissima.com\\\/a-tire-d-ailes\\\/livre-allaitement-et-travail\\\/\",\"name\":\"livre allaitement et travail\",\"isPartOf\":{\"@id\":\"https:\\\/\\\/www.lactissima.com\\\/a-tire-d-ailes\\\/#website\"},\"primaryImageOfPage\":{\"@id\":\"https:\\\/\\\/www.lactissima.com\\\/a-tire-d-ailes\\\/livre-allaitement-et-travail\\\/#primaryimage\"},\"image\":{\"@id\":\"https:\\\/\\\/www.lactissima.com\\\/a-tire-d-ailes\\\/livre-allaitement-et-travail\\\/#primaryimage\"},\"thumbnailUrl\":\"https:\\\/\\\/www.lactissima.com\\\/a-tire-d-ailes\\\/wp-content\\\/uploads\\\/2018\\\/08\\\/couverture-BD.jpg\",\"datePublished\":\"2012-06-14T13:47:00+00:00\",\"dateModified\":\"2019-05-22T06:57:02+00:00\",\"description\":\"Mon livre allaitement et travail est mis \u00e0 jour r\u00e9guli\u00e8rement sur cette page. Retrouvez mon livre Allaiter et reprendre le travail chez Chronique Sociale.\",\"breadcrumb\":{\"@id\":\"https:\\\/\\\/www.lactissima.com\\\/a-tire-d-ailes\\\/livre-allaitement-et-travail\\\/#breadcrumb\"},\"inLanguage\":\"fr-FR\",\"potentialAction\":[{\"@type\":\"ReadAction\",\"target\":[\"https:\\\/\\\/www.lactissima.com\\\/a-tire-d-ailes\\\/livre-allaitement-et-travail\\\/\"]}]},{\"@type\":\"ImageObject\",\"inLanguage\":\"fr-FR\",\"@id\":\"https:\\\/\\\/www.lactissima.com\\\/a-tire-d-ailes\\\/livre-allaitement-et-travail\\\/#primaryimage\",\"url\":\"https:\\\/\\\/www.lactissima.com\\\/a-tire-d-ailes\\\/wp-content\\\/uploads\\\/2018\\\/08\\\/couverture-BD.jpg\",\"contentUrl\":\"https:\\\/\\\/www.lactissima.com\\\/a-tire-d-ailes\\\/wp-content\\\/uploads\\\/2018\\\/08\\\/couverture-BD.jpg\",\"width\":226,\"height\":333},{\"@type\":\"BreadcrumbList\",\"@id\":\"https:\\\/\\\/www.lactissima.com\\\/a-tire-d-ailes\\\/livre-allaitement-et-travail\\\/#breadcrumb\",\"itemListElement\":[{\"@type\":\"ListItem\",\"position\":1,\"name\":\"Accueil\",\"item\":\"https:\\\/\\\/www.lactissima.com\\\/a-tire-d-ailes\\\/\"},{\"@type\":\"ListItem\",\"position\":2,\"name\":\"Livre : mises \u00e0 jour\"}]},{\"@type\":\"WebSite\",\"@id\":\"https:\\\/\\\/www.lactissima.com\\\/a-tire-d-ailes\\\/#website\",\"url\":\"https:\\\/\\\/www.lactissima.com\\\/a-tire-d-ailes\\\/\",\"name\":\"A tire d&#039;Ailes\",\"description\":\"Le blog des femmes qui allaitent et travaillent.\",\"potentialAction\":[{\"@type\":\"SearchAction\",\"target\":{\"@type\":\"EntryPoint\",\"urlTemplate\":\"https:\\\/\\\/www.lactissima.com\\\/a-tire-d-ailes\\\/?s={search_term_string}\"},\"query-input\":{\"@type\":\"PropertyValueSpecification\",\"valueRequired\":true,\"valueName\":\"search_term_string\"}}],\"inLanguage\":\"fr-FR\"}]}<\/script>\n<!-- \/ Yoast SEO plugin. -->","yoast_head_json":{"title":"livre allaitement et travail","description":"Mon livre allaitement et travail est mis \u00e0 jour r\u00e9guli\u00e8rement sur cette page. Retrouvez mon livre Allaiter et reprendre le travail chez Chronique Sociale.","robots":{"index":"index","follow":"follow","max-snippet":"max-snippet:-1","max-image-preview":"max-image-preview:large","max-video-preview":"max-video-preview:-1"},"canonical":"https:\/\/www.lactissima.com\/a-tire-d-ailes\/livre-allaitement-et-travail\/","og_locale":"fr_FR","og_type":"article","og_title":"livre allaitement et travail","og_description":"Mon livre allaitement et travail est mis \u00e0 jour r\u00e9guli\u00e8rement sur cette page. Retrouvez mon livre Allaiter et reprendre le travail chez Chronique Sociale.","og_url":"https:\/\/www.lactissima.com\/a-tire-d-ailes\/livre-allaitement-et-travail\/","og_site_name":"A tire d&#039;Ailes","article_publisher":"https:\/\/www.facebook.com\/consultante.en.lactation","article_modified_time":"2019-05-22T06:57:02+00:00","og_image":[{"width":226,"height":333,"url":"https:\/\/www.lactissima.com\/a-tire-d-ailes\/wp-content\/uploads\/2018\/08\/couverture-BD.jpg","type":"image\/jpeg"}],"twitter_card":"summary_large_image","twitter_site":"@VeroniqueIBCLC","schema":{"@context":"https:\/\/schema.org","@graph":[{"@type":"WebPage","@id":"https:\/\/www.lactissima.com\/a-tire-d-ailes\/livre-allaitement-et-travail\/","url":"https:\/\/www.lactissima.com\/a-tire-d-ailes\/livre-allaitement-et-travail\/","name":"livre allaitement et travail","isPartOf":{"@id":"https:\/\/www.lactissima.com\/a-tire-d-ailes\/#website"},"primaryImageOfPage":{"@id":"https:\/\/www.lactissima.com\/a-tire-d-ailes\/livre-allaitement-et-travail\/#primaryimage"},"image":{"@id":"https:\/\/www.lactissima.com\/a-tire-d-ailes\/livre-allaitement-et-travail\/#primaryimage"},"thumbnailUrl":"https:\/\/www.lactissima.com\/a-tire-d-ailes\/wp-content\/uploads\/2018\/08\/couverture-BD.jpg","datePublished":"2012-06-14T13:47:00+00:00","dateModified":"2019-05-22T06:57:02+00:00","description":"Mon livre allaitement et travail est mis \u00e0 jour r\u00e9guli\u00e8rement sur cette page. Retrouvez mon livre Allaiter et reprendre le travail chez Chronique Sociale.","breadcrumb":{"@id":"https:\/\/www.lactissima.com\/a-tire-d-ailes\/livre-allaitement-et-travail\/#breadcrumb"},"inLanguage":"fr-FR","potentialAction":[{"@type":"ReadAction","target":["https:\/\/www.lactissima.com\/a-tire-d-ailes\/livre-allaitement-et-travail\/"]}]},{"@type":"ImageObject","inLanguage":"fr-FR","@id":"https:\/\/www.lactissima.com\/a-tire-d-ailes\/livre-allaitement-et-travail\/#primaryimage","url":"https:\/\/www.lactissima.com\/a-tire-d-ailes\/wp-content\/uploads\/2018\/08\/couverture-BD.jpg","contentUrl":"https:\/\/www.lactissima.com\/a-tire-d-ailes\/wp-content\/uploads\/2018\/08\/couverture-BD.jpg","width":226,"height":333},{"@type":"BreadcrumbList","@id":"https:\/\/www.lactissima.com\/a-tire-d-ailes\/livre-allaitement-et-travail\/#breadcrumb","itemListElement":[{"@type":"ListItem","position":1,"name":"Accueil","item":"https:\/\/www.lactissima.com\/a-tire-d-ailes\/"},{"@type":"ListItem","position":2,"name":"Livre : mises \u00e0 jour"}]},{"@type":"WebSite","@id":"https:\/\/www.lactissima.com\/a-tire-d-ailes\/#website","url":"https:\/\/www.lactissima.com\/a-tire-d-ailes\/","name":"A tire d&#039;Ailes","description":"Le blog des femmes qui allaitent et travaillent.","potentialAction":[{"@type":"SearchAction","target":{"@type":"EntryPoint","urlTemplate":"https:\/\/www.lactissima.com\/a-tire-d-ailes\/?s={search_term_string}"},"query-input":{"@type":"PropertyValueSpecification","valueRequired":true,"valueName":"search_term_string"}}],"inLanguage":"fr-FR"}]}},"_links":{"self":[{"href":"https:\/\/www.lactissima.com\/a-tire-d-ailes\/wp-json\/wp\/v2\/pages\/2562","targetHints":{"allow":["GET"]}}],"collection":[{"href":"https:\/\/www.lactissima.com\/a-tire-d-ailes\/wp-json\/wp\/v2\/pages"}],"about":[{"href":"https:\/\/www.lactissima.com\/a-tire-d-ailes\/wp-json\/wp\/v2\/types\/page"}],"author":[{"embeddable":true,"href":"https:\/\/www.lactissima.com\/a-tire-d-ailes\/wp-json\/wp\/v2\/users\/170"}],"replies":[{"embeddable":true,"href":"https:\/\/www.lactissima.com\/a-tire-d-ailes\/wp-json\/wp\/v2\/comments?post=2562"}],"version-history":[{"count":29,"href":"https:\/\/www.lactissima.com\/a-tire-d-ailes\/wp-json\/wp\/v2\/pages\/2562\/revisions"}],"predecessor-version":[{"id":8178,"href":"https:\/\/www.lactissima.com\/a-tire-d-ailes\/wp-json\/wp\/v2\/pages\/2562\/revisions\/8178"}],"wp:featuredmedia":[{"embeddable":true,"href":"https:\/\/www.lactissima.com\/a-tire-d-ailes\/wp-json\/wp\/v2\/media\/7810"}],"wp:attachment":[{"href":"https:\/\/www.lactissima.com\/a-tire-d-ailes\/wp-json\/wp\/v2\/media?parent=2562"}],"curies":[{"name":"wp","href":"https:\/\/api.w.org\/{rel}","templated":true}]}}

Livre : mises à jour

<p style="text-align: justify;"><img loading="lazy" decoding="async" class="alignright wp-image-7810 size-full" src="https://www.lactissima.com/a-tire-d-ailes/wp-content/uploads/2018/08/couverture-BD.jpg" alt="" width="226" height="333" srcset="https://www.lactissima.com/a-tire-d-ailes/wp-content/uploads/2018/08/couverture-BD.jpg 226w, https://www.lactissima.com/a-tire-d-ailes/wp-content/uploads/2018/08/couverture-BD-204x300.jpg 204w" sizes="(max-width: 226px) 100vw, 226px" /></p>
<p style="text-align: justify;">Vous trouverez ici, les <strong>mises à jour régulières</strong> de mon <span style="color: #333333;"><a title="livre allaitement et travail" href="https://www.lactissima.com/a-tire-d-ailes/livre-allaitement-et-travail/"><span style="color: #333333;">livre allaitement et travail </span></a></span>: <strong><span style="color: #008080;"><a href="http://www.chroniquesociale.com/index.php?ID=1011992&amp;detailObjID=3005198&amp;detailResults=1012241&amp;dataType=cata&amp;keyWords=darmangeat" target="_blank" rel="noopener noreferrer"><span style="color: #008080;"><em>Allaiter et reprendre le travail</em></span></a></span></strong>, dont la deuxième édition est parue en août 2018 aux éditions <a href="http://www.chroniquesociale.com/" target="_blank" rel="noopener noreferrer">Chronique Sociale</a>.</p>
<p>&nbsp;</p>
<p>&nbsp;</p>
<p style="text-align: justify;">Dernière mise à jour : 22 mai 2019.</p>
<p>&nbsp;</p>

<p>Mon livre allaitement et travail est mis à jour régulièrement sur cette page. Retrouvez mon livre Allaiter et reprendre le travail chez Chronique Sociale.</p>

<!-- This site is optimized with the Yoast SEO plugin v27.4 - https://yoast.com/product/yoast-seo-wordpress/ -->
<title>livre allaitement et travail</title>
<meta name="description" content="Mon livre allaitement et travail est mis à jour régulièrement sur cette page. Retrouvez mon livre Allaiter et reprendre le travail chez Chronique Sociale." />
<meta name="robots" content="index, follow, max-snippet:-1, max-image-preview:large, max-video-preview:-1" />
<link rel="canonical" href="https://www.lactissima.com/a-tire-d-ailes/livre-allaitement-et-travail/" />
<meta property="og:locale" content="fr_FR" />
<meta property="og:type" content="article" />
<meta property="og:title" content="livre allaitement et travail" />
<meta property="og:description" content="Mon livre allaitement et travail est mis à jour régulièrement sur cette page. Retrouvez mon livre Allaiter et reprendre le travail chez Chronique Sociale." />
<meta property="og:url" content="https://www.lactissima.com/a-tire-d-ailes/livre-allaitement-et-travail/" />
<meta property="og:site_name" content="A tire d&#039;Ailes" />
<meta property="article:publisher" content="https://www.facebook.com/consultante.en.lactation" />
<meta property="article:modified_time" content="2019-05-22T06:57:02+00:00" />
<meta property="og:image" content="https://www.lactissima.com/a-tire-d-ailes/wp-content/uploads/2018/08/couverture-BD.jpg" />
	<meta property="og:image:width" content="226" />
	<meta property="og:image:height" content="333" />
	<meta property="og:image:type" content="image/jpeg" />
<meta name="twitter:card" content="summary_large_image" />
<meta name="twitter:site" content="@VeroniqueIBCLC" />
<script type="application/ld+json" class="yoast-schema-graph">{"@context":"https:\/\/schema.org","@graph":[{"@type":"WebPage","@id":"https:\/\/www.lactissima.com\/a-tire-d-ailes\/livre-allaitement-et-travail\/","url":"https:\/\/www.lactissima.com\/a-tire-d-ailes\/livre-allaitement-et-travail\/","name":"livre allaitement et travail","isPartOf":{"@id":"https:\/\/www.lactissima.com\/a-tire-d-ailes\/#website"},"primaryImageOfPage":{"@id":"https:\/\/www.lactissima.com\/a-tire-d-ailes\/livre-allaitement-et-travail\/#primaryimage"},"image":{"@id":"https:\/\/www.lactissima.com\/a-tire-d-ailes\/livre-allaitement-et-travail\/#primaryimage"},"thumbnailUrl":"https:\/\/www.lactissima.com\/a-tire-d-ailes\/wp-content\/uploads\/2018\/08\/couverture-BD.jpg","datePublished":"2012-06-14T13:47:00+00:00","dateModified":"2019-05-22T06:57:02+00:00","description":"Mon livre allaitement et travail est mis à jour régulièrement sur cette page. Retrouvez mon livre Allaiter et reprendre le travail chez Chronique Sociale.","breadcrumb":{"@id":"https:\/\/www.lactissima.com\/a-tire-d-ailes\/livre-allaitement-et-travail\/#breadcrumb"},"inLanguage":"fr-FR","potentialAction":[{"@type":"ReadAction","target":["https:\/\/www.lactissima.com\/a-tire-d-ailes\/livre-allaitement-et-travail\/"]}]},{"@type":"ImageObject","inLanguage":"fr-FR","@id":"https:\/\/www.lactissima.com\/a-tire-d-ailes\/livre-allaitement-et-travail\/#primaryimage","url":"https:\/\/www.lactissima.com\/a-tire-d-ailes\/wp-content\/uploads\/2018\/08\/couverture-BD.jpg","contentUrl":"https:\/\/www.lactissima.com\/a-tire-d-ailes\/wp-content\/uploads\/2018\/08\/couverture-BD.jpg","width":226,"height":333},{"@type":"BreadcrumbList","@id":"https:\/\/www.lactissima.com\/a-tire-d-ailes\/livre-allaitement-et-travail\/#breadcrumb","itemListElement":[{"@type":"ListItem","position":1,"name":"Accueil","item":"https:\/\/www.lactissima.com\/a-tire-d-ailes\/"},{"@type":"ListItem","position":2,"name":"Livre : mises à jour"}]},{"@type":"WebSite","@id":"https:\/\/www.lactissima.com\/a-tire-d-ailes\/#website","url":"https:\/\/www.lactissima.com\/a-tire-d-ailes\/","name":"A tire d&#039;Ailes","description":"Le blog des femmes qui allaitent et travaillent.","potentialAction":[{"@type":"SearchAction","target":{"@type":"EntryPoint","urlTemplate":"https:\/\/www.lactissima.com\/a-tire-d-ailes\/?s={search_term_string}"},"query-input":{"@type":"PropertyValueSpecification","valueRequired":true,"valueName":"search_term_string"}}],"inLanguage":"fr-FR"}]}</script>
<!-- / Yoast SEO plugin. -->

Mon livre allaitement et travail est mis à jour régulièrement sur cette page. Retrouvez mon livre Allaiter et reprendre le travail chez Chronique Sociale.
